vide o?
True
Suppose 4*t + 8 = 2*u, 3*u - 3*t + t - 32 = 0. Is u a multiple of 6?
False
Let a = -55 + 82. Let r = a - -6. Does 11 divide r?
True
Suppose -340 = -0*o - 4*o. Does 16 divide o?
False
Let f = 9 - -2. Let n = -7 + f. Is 22 a factor of (n + 58)/((-3)/(-3))?
False
Suppose 4*o + 2*c - 18 = 0, c + 17 = o + 4*c. Let x = o - 2. Suppose 0 = -3*f - x + 6. Is 2 a factor of f?
True
Let q be 3/12 - (-295)/4. Suppose 0 = -4*b + q + 22. Is 12 a factor of b?
True
Suppose 4*w - 105 = 179. Is 8 a factor of w?
False
Suppose 10*z - 15*z + 145 = 0. Is z a multiple of 12?
False
Suppose -n - 4*s = -38, 2 - 217 = -4*n + 5*s. Is 10 a factor of n?
True
Let w = -7 - -19. Is (28/w)/((-3)/(-9)) even?
False
Suppose 0 = l + 2*l + 15, -2*l + 92 = -2*c. Let t = -36 - c. Suppose -2*b = b + t, -5*b = -i + 35. Is 5 a factor of i?
True
Suppose 0 = 3*k - 1 - 5. Suppose -40 = -4*y + k*y. Does 9 divide y?
False
Suppose 0 = 2*l - 8 - 136. Does 17 divide l?
False
Suppose m = -5*u + 296, -m + 54 = 2*u - 65. Let d = u - 31. Is d a multiple of 14?
True
Let t = -6 - -37. Suppose -2*z - j = -t, 5*z = 3*j + 48 + 35. Is 8 a factor of z?
True
Let z(g) be the second derivative of -7*g**3/6 + 3*g**2/2 - g. Suppose -5*m - 20 = 2*h, m + 3 = -3*h - 1. Does 9 divide z(m)?
False
Suppose 0*f = -f - 3*v - 19, 5*v = 4*f + 25. Let a = 22 + f. Is 12 a factor of a?
True
Let n(a) = -a**2 + 5*a + 2. Is n(5) a multiple of 2?
True
Suppose 5*j + 5*b - 45 = -0*b, -b - 3 = -2*j. Suppose j*d = -0*d + 104. Is 14 a factor of d?
False
Is 3 a factor of 3 + -1 + (-3)/((-6)/8)?
True
Suppose -g = 2*g - 30. Suppose 0 = 4*f - g - 82. Does 23 divide f?
True
Let k(c) = c**2 + 11*c + 13. Let w be k(-9). Suppose 3*q - 2*q = 2. Is ((-2)/(-1))/q - w a multiple of 6?
True
Let i = 7 - -21. Is i a multiple of 6?
False
Suppose 0 = -w, -4*w - 27 = -m + 4. Let d(n) = -n + 2. Let q be d(0). Is (-2)/(q/m*-1) a multiple of 11?
False
Does 24 divide (0 - (-2)/(-2)) + 25?
True
Let v(m) = -1. Let p be (2 - 1)*(0 - 1). Let t(k) = -2*k - 6. Let i(x) = p*t(x) + 12*v(x). Is i(7) a multiple of 5?
False
Let o(q) = -3*q. Let y be o(-1). Let u = 14 + -8. Suppose -y*a + a + u = 0. Is a a multiple of 3?
True
Let g(p) = 3*p + 26. Does 20 divide g(18)?
True
Let q(x) = x + 3. Let y(p) = 2*p + 6. Let g(z) = 7*q(z) - 3*y(z). Let o be (-2)/((-8)/6 + 1). Is 9 a factor of g(o)?
True
Suppose 4*v - 64 = 2*v. Is v a multiple of 8?
True
Let k be 15*3*(-1)/(-9). Let t(l) = 3*l + 2. Is 17 a factor of t(k)?
True
Suppose -c - 1 + 8 = 4*h, 0 = -h - 4*c - 2. Suppose 0 = h*m + 3*m - 20. Suppose m*n - 52 = -12. Does 10 divide n?
True
Let y(v) = v**2 - 5*v - 9. Let m be y(7). Suppose -1 = -z + m. Suppose -2*i + 24 = -5*x - 2, 2*i = -3*x - z. Does 3 divide i?
True
Let p = 6 - 3. Let z(f) = 4*f - 2 + p - 16*f. Is z(-1) a multiple of 9?
False
Suppose -5*u - 5*i = -110, u - 3*i + 5*i = 23. Is 13 a factor of u?
False
Let j(c) = c**2 - 2*c - 46. Is 23 a factor of j(12)?
False
Let f be (-126)/(-30) - (-2)/(-10). Let d = f - 0. Suppose 4*u - 5*r + d = 52, 4*u - 84 = -4*r. Is u a multiple of 17?
True
Let x(a) = a**3 - 15*a**2 + 3. Let k be x(15). Suppose 2*f + 5*t = 93, t = -k*f + 5*t + 128. Does 22 divide f?
True
Let h(x) = 15*x - 8. Let t be h(12). Let j = t - 101. Is j a multiple of 16?
False
Suppose 3*c = -3*j + 24, -9*j = -4*j + 4*c - 40. Is 4 a factor of j?
True
Let q(h) = -h - 1. Let u be q(-3). Does 7 divide -1 - 1/(u/(-34))?
False
Let h(v) = v**3 + 3*v**2 - 4*v + 4. Let u be h(-4). Suppose 5*o + u*y = 42, 4*o + y - 22 = 5. Does 11 divide o/(6/(-3))*-6?
False
Let d be ((-32)/24)/(1/3). Let h(k) = -10*k - 4. Does 9 divide h(d)?
True
Suppose 3*j - 55 = -2*j. Let p = j + 13. Is p a multiple of 8?
True
Let n be 4/16 - 9/4. Let z be 0/(n - (-2 - -1)). Suppose -2*a + 19 = -0*a + 3*f, z = 4*a - 4*f - 8. Does 5 divide a?
True
Let d = 29 + -9. Let c = d - 11. Suppose -t + 43 - 14 = o, -3*o = -c. Does 13 divide t?
True
Suppose 15*x - 666 = 6*x. Is x a multiple of 37?
True
Suppose -5*m + 17 + 8 = 0. Is 2 a factor of m?
False
Suppose -3*f = 0, 4*f - 5 = -4*i - i. Suppose -i = 2*b - 17. Suppose 3*j = b*j - 80. Does 6 divide j?
False
Suppose -2*g + 7*g = 0. Suppose g*a - 2*a + 8 = 0. Let m = -1 + a. Is m even?
False
Suppose 0 = -0*l + l - 4. Suppose 3*g - k - 358 = 0, -352 = -6*g + 3*g + 4*k. Suppose l*h - h = -3*c + 72, -5*h = -5*c - g. Does 12 divide h?
True
Suppose 0 = 2*o + 2*g - 102, o + 0*o + 5*g - 55 = 0. Is o a multiple of 10?
True
Does 7 divide -5*9/(-30)*14?
True
Let c(t) = 4*t + 3. Let i(z) = 5*z + 3. Let y(w) = -6*c(w) + 5*i(w). Let q be y(7). Suppose -5*o - 2*r + 130 = 0, -q*r + 13 = -4*o + 145. Is 14 a factor of o?
True
Suppose 0 = -2*p - 8, -p - 3*p + 3 = r. Is 19 a factor of r?
True
Let w = -16 + 22. Let f(v) = v**2 - v - 5. Does 8 divide f(w)?
False
Let d(n) = 0*n**2 - 1 + n**2 + 0 - 4*n. Let r be ((-153)/34)/(3/(-4)). Is 11 a factor of d(r)?
True
Let o(i) = -4 + 5 + 5*i + i**2 - 4 - 8*i. Let y(z) = -2*z**3 - 2*z**2 + 2*z + 2. Let w be y(-2). Is 14 a factor of o(w)?
False
Suppose -5*v + 0*v - 33 = -r, 2*r = v + 12. Let p be 36*(v/4 + 0). Is 18 a factor of (1/(3/p))/(-1)?
True
Suppose 2*r - 2*n - 4 = 4, 0 = -3*n - 3. Suppose 0 = 2*t - 3*t + 1, -23 = -4*p + 5*t. Suppose 0 = -m, 5*m + 5 = r*z - p. Does 2 divide z?
True
Let k(l) = -l**3 - 5*l**2 + 5*l + 4. Is k(-6) a multiple of 8?
False
Suppose -3*y + 10 = -83. Suppose -y = -5*r + 4. Is r a multiple of 3?
False
Let s = 23 + -12. Let f = 15 - s. Suppose 2*l + d = 51, f*d + 48 = 3*l - 2*l. Is 17 a factor of l?
False
Suppose z + 87 = 2*z. Is 15 a factor of z?
False
Let q(n) be the first derivative of n**5/30 - n**4/4 + 2*n**3/3 + n**2 - 1. Let a(f) be the second derivative of q(f). Is 5 a factor of a(4)?
False
Suppose 3*y - 2*h - 30 = -6, 2*y + 5*h - 35 = 0. Let o = 5 - y. Let t(m) = m**2 - 4. Is 21 a factor of t(o)?
True
Suppose 0 = -4*z + 208 + 224. Is 12 a factor of z?
True
Let p be (-42)/(-4)*2/3. Suppose -20 = -p*s + 2*s, 0 = -5*y + 2*s + 57. Is 9 a factor of y?
False
Suppose -3*i + 5*s + 4 = 4*s, -3*i - 3*s = -24. Let m be (i - 2)/(2/4). Suppose -5*h = -m*h - 27. Does 6 divide h?
False
Let t = -275 + 569. Suppose -2*n = 2*i - 116, 5*n = -3*i - 0*i + t. Does 16 divide n?
False
Let d = -155 + 430. Is 13 a factor of d?
False
Suppose 108 + 36 = 2*h. Is h a multiple of 9?
True
Suppose -2*d + 292 + 18 = 0. Suppose -16*u - d = -21*u. Is u a multiple of 5?
False
Let q = 2 + -1. Let a = -5 - q. Does 13 divide 3/(4/((-208)/a))?
True
Suppose -a - 3*a = 0. Suppose a = -5*m - 2*k + 65, 0 = k - 5 - 0. Let d = m + 1. Is d a multiple of 12?
True
Let i(m) = -8*m**3 - 2*m**2 + m. Let r be i(-2). Suppose 5*a - 2*a = -114. Let j = a + r. Is j a multiple of 16?
True
Let l be (3 + -4)*1*-58. Let o = -30 + l. Is 12 a factor of o?
False
Let h be (10/6)/(2/6). Let a = -3 - -6. Suppose -h*q - 4*d + 81 = 0, 0 = q - 3*d + a - 4. Is q a multiple of 7?
False
Suppose -125 = -4*x - 5*v, -x + 5*v = 3*x - 115. Does 6 divide x?
True
Suppose 2*n + 3*n - 100 = 0. Suppose 0*w + 4*w = n. Suppose -x = 4*o - 32, -5*x + 155 = w*o + 25. Is x a multiple of 12?
True
Let q = -8 - -11. Suppose -22 + 100 = q*o. Suppose 2*v + l = -6 + o, 3*v - 3*l - 48 = 0. Does 10 divide v?
False
Let g(u) = -7*u + 5. Is 26 a factor of g(-3)?
True
Let i = 16 - 11. Suppose i*u + 5*f - 5 = 0, -2*u = u - 2*f - 13. Suppose 2*c + u*c = 205. Is c a multiple of 14?
False
Let f = 248 - 108. Let w be (f/6)/((-6)/(-18)). Suppose v = 6*v - w. Is 9 a factor of v?
False
Let t(l) = 4*l**2 + 7*l + 3. Let f be t(-5). Suppose 5*x = 3*x + f. Is 19 a factor of x?
False
Let p(q) = 10*q**2 + 3*q + 2. Let v be p(-3). Suppose -c = 2*u - v, 415 = c + 4*c + 5*u. Does 27 divide c?
False
Suppose 2*c + 3*s = -6 + 1, 0 = -4*s - 20. Does 5 divide c?
True
Suppose -4*a = -11 + 3. Suppose z - 5*t + 10 = 2*z, 0 = a*z + 5*t - 40. Is z a multiple of 15?
True
Let u(r) = 2*r - 4. Let j(w) = -w + 10. Let v be j(7). Let l be u(v). Suppose 4*o - 18 = -3*s + l*o, -s - 11 = -5*o. Does 4 divide s?
True
Let h(w) = 3*w - 4. Let v be h(-2). Does 24 divide (-50)/15*144/v?
True
Suppose 5*d - 25 - 180 = 0. Does 9 divide d?
False
Suppose 4*p - 26 = v, -2*v = 5*p + 13 - 39. Suppose 0 = m + 5*r - 11, -p = -2*r. Does 10 divide (12/(-10))/(m/120)?
False
Suppose 201 = 6*g - 339. Is g a multiple of 30?
True
Suppose -3*p +